 be j(-23). Suppose 3644 = s*g - 2125*g. What is the units digit of g?
1
Suppose 0 = -4*w + s + 91, 4*s + 19 + 37 = 2*w. Suppose 0 = -3*p + 3*n - 233 - w, 0 = -4*p - n - 350. Let k = 141 + p. What is the tens digit of k?
5
Let c(i) = -14*i - 191. Let t be c(-14). Suppose -t*g = -5*l + 495, 14 = 3*g + 2. What is the tens digit of l?
0
Suppose -r = 0, -2*f - 4*r = -4*f - 0*r + 11960. What is the tens digit of f?
8
Suppose -21716 = -4*w - 25*n + 21*n, w + 2*n - 5429 = 0. What is the hundreds digit of w?
4
Suppose 2 = -x - 18. Let p = -13 - x. What is the units digit of (p - 102)*(-1 - 0)?
5
Let m(l) = 406*l**3 - 4*l**2 - l + 4. Let n be m(1). Suppose 2*k - 5*k = -n. What is the units digit of k?
5
Suppose 0 = -6*q + 65*q - 1655363. What is the tens digit of q?
5
Let b be (-1876)/(-18) + 34/(-153). Suppose -n - z = -300, 1096 = 4*n - 3*z - b. What is the units digit of n?
0
Let x be (-5 - (-256)/(-12))/(1/(-69)). Suppose f - 1235 = -5*m, -5*m + x = 5*f + 582. What is the units digit of m?
7
Let c be (-3*(-11)/66)/(1/(-2)). Let x(h) = -13*h**2 + 15*h + 4. Let j(k) = -6*k**2 + 8*k + 2. Let f(y) = 11*j(y) - 6*x(y). What is the units digit of f(c)?
2
Suppose -g + 8*h + 20 = 7*h, 0 = g + h - 12. Let q be ((-1)/(-1))/(1/(-7)). Let l = g - q. What is the tens digit of l?
2
Suppose 38430 = 10*x - 5797 - 46393. What is the hundreds digit of x?
0
What is the tens digit of (81/(-4))/((-35)/11900)?
8
Suppose -3*i + 20723 = -4*z, 2*i = z + 7984 + 5833. What is the tens digit of i?
0
Let d = 10 - 10. Suppose -5*y + 1033 = 4*s, d*s = 2*s + 3*y - 515. Suppose -4*r - 5*o + 291 = 0, 8*o = 3*r + 3*o - s. What is the tens digit of r?
7
Let d = 10157 + -2797. What is the thousands digit of d?
7
Suppose 89*t = 92*t - 1680. Let s = -59 + t. What is the units digit of s?
1
Suppose -163*s = -191*s + 897736. What is the units digit of s?
2
Let l(o) be the first derivative of 11/3*o**3 + 2*o + 3*o**2 + 15. What is the hundreds digit of l(-5)?
2
Let t = -22 + 27. Suppose a - 3*n = -5*n + 811, t*n = 3*a - 2477. What is the units digit of a?
9
Let g(u) = 6*u**2 + 8*u + 0*u**2 + 5 - 9 + u**3 - 2*u. Let l be g(-3). Suppose -b = -4, -l*h + 92 = -h - b. What is the tens digit of h?
2
Suppose -5*z - 5*p + 3*p = -11, z + 2*p + 1 = 0. What is the units digit of (36/z)/(8 - 6)?
6
Let w = 384 - -210. Suppose 0 = -4*p - 4*d + 1960, -3*p + 2*d + w = -881. What is the hundreds digit of p?
4
Let k(f) = -5*f**2 - 7*f - 3. Let j be k(-3). Let c be ((-9)/j)/(2/(-78)). Let a = -5 - c. What is the units digit of a?
8
Let b(q) = -1707*q + 842. What is the thousands digit of b(-7)?
2
What is the units digit of (-32 - 15860/(-494)) + (-3)/(57/(-63344))?
4
What is the units digit of (-8)/15*(-555)/74 + 46855?
9
What is the thousands digit of -9 + (23762 - (-7 - 11/11))?
3
Suppose 0 = -5411*n + 5406*n + 13400. What is the units digit of n?
0
What is the units digit of (37386/36)/31*336?
6
Suppose 7*u = -3*u + 40. Suppose 5*f + 292 = 2*z - 366, 0 = u*f + 4*z + 532. What is the units digit of f/36*(-3)/(-4)*-40?
0
Suppose -5*m - 3*k = -520 - 1375, k = -5*m + 1905. Suppose -8*c - 342 = -10*c + 2*b, 2*c - 348 = 4*b. Let o = m - c. What is the units digit of o?
4
Suppose -2*z - 3*m + 679 + 27 = 0, 0 = 5*z - m - 1799. Let x = 326 + z. What is the hundreds digit of x?
6
Let k(z) = -2*z**3 + 139*z**2 + 388*z - 434. What is the ten thousands digit of k(70)?
2
Suppose 2*s - 33943 - 21363 = -2*p, -5*p + 55327 = 2*s. What is the tens digit of s?
4
Let l(q) = 2*q**2 - 23*q - 44. Let h be l(14). Let p(x) = -2*x**3 + 55*x**2 - 57*x + 10. What is the hundreds digit of p(h)?
5
Suppose -3*h + 8 = 5*d - 4*d, -h + 10 = 4*d. Let y(k) = 3 + 12*k**d - 10*k**2 + k - 2. What is the units digit of y(-2)?
7
Let r be (2 - 1)*-1 + 23. Let c(d) = 5*d**2 + 30*d - 19. Let g(o) = 3*o**2 + 29*o - 18. Let k(b) = -2*c(b) + 3*g(b). What is the units digit of k(r)?
4
Let z(p) = 8*p**3 - 2*p**2 + p + 2. Let n be z(1). Suppose 5*a = n*a - 5268. What is the units digit of a?
7
Let t = 253 + -248. Let j(k) = 17*k**2 + 12*k - 13. What is the hundreds digit of j(t)?
4
Let a = 51 - 44. Let g = a + 0. Suppose -g*i - 3*i + 670 = 0. What is the units digit of i?
7
Let f = 21769 - 6805. What is the units digit of f?
4
Suppose -2*w - 4*o - 88 = 0, -5*o + 3*o = -5*w - 268. Suppose -4*n = 20, -16*u + n = -14*u - 21. Let r = u - w. What is the tens digit of r?
6
Suppose -16 = 13*q - 11*q - 2*z, 5*q = 4*z - 39. Let g(p) = 23*p**2 + 19*p + 47. What is the hundreds digit of g(q)?
0
Suppose -1268 = -4*y - 4*m, -4*y + 5*m - 2*m + 1282 = 0. Let u = y + 21. What is the hundreds digit of u?
3
Suppose 84*i = 83*i + 545. Suppose -5*g = 27*s - 30*s - 2697, -g + i = -2*s. What is the tens digit of g?
3
Let t be (-1)/(((-25)/(-5))/(-10)). Suppose h - 5*g = -17, 25 + t = 5*h + 3*g. What is the hundreds digit of (2140/(-16) + h/(-12))*-1?
1
Let o = -18982 + 34485. What is the hundreds digit of o?
5
What is the hundreds digit of (2543552/36)/11 - (-10)/(-90)?
4
What is the units digit of ((-4568)/(-14))/(496/22568)?
6
Suppose -5*h + f + 91 = 8, -47 = -2*h + 5*f. What is the hundreds digit of (-6)/h + -8 + (-47754)/(-112)?
4
Let p(j) = 28*j**2 - 7*j + 36. Let s be p(4). Suppose -5*i + 9*i = s. What is the units digit of i?
4
Suppose -499 = 8*l + 965. Let a = 868 + l. What is the hundreds digit of a?
6
Let g(q) = 5*q**2 - 2*q + 13. Let y(i) = 35*i**2 - 14*i + 94. Let x(v) = 15*g(v) - 2*y(v). Let s be (18/4)/(6/8). What is the tens digit of x(s)?
7
Let r(v) = -9 - v**3 - 147*v**2 - 150*v**2 + 442*v**2 - 42*v - 151*v**2. What is the hundreds digit of r(-10)?
8
Let b(z) = z**3 + 29*z**2 - 52*z + 64. What is the tens digit of b(-22)?
9
Let i = -1747 - -13116. What is the units digit of i?
9
Let l be 1/(0 - 1 - (-728)/714). Let t = 53 - l. What is the hundreds digit of -364*t/(40/(-15))?
2
Let l = -45 + -22. Let q = l - -69. Suppose 0 = 2*t + t - 9, -5*u = q*t - 526. What is the hundreds digit of u?
1
Suppose 3*t - 10 = 2*t. Let n(p) = 38*p + 108. What is the hundreds digit of n(t)?
4
Let b = -1572 - -3616. What is the thousands digit of b?
2
Suppose 2*p + 1011 = 235. Let m = -152 - p. What is the tens digit of m?
3
Suppose 4*u = -3*w - 26, 3*u + w - 3*w = -28. Let n be -56*(-2)/u*-7. Suppose p = t - n, t + 2*t + 2*p - 309 = 0. What is the hundreds digit of t?
1
Let c(m) = -8 - m + 4 + 3 + 3. Let x be c(0). Suppose -x*k + 234 + 10 = 0. What is the tens digit of k?
2
Let x(f) = f**3 + 7*f**2 + f + 9. Let h be x(-7). Suppose -v = p - 160, -18 = -4*v - h. What is the units digit of p?
6
Let x = -2087 - -3471. Suppose -3*s - s = -x. Suppose -s + 85 = -3*n. What is the units digit of n?
7
Let p = 7669 - 3989. What is the tens digit of p?
8
Let y be ((-36)/(-8))/9*0. Let l(c) = c**2 + 5*c + 2. Let r be l(y). What is the units digit of -2*(-3 - 1/r)?
7
Let o(c) = 18*c**2 - 7*c - 28. Let w be o(7). Let f be (-9)/12*(2 - (w - 3)). Let s = -377 + f. What is the units digit of s?
3
Let u = 4 - -1. Suppose -r + 3*i + 160 = 0, -2*i = u*r - 519 - 332. What is the hundreds digit of r?
1
Let p = -181664 + 256329. What is the units digit of p?
5
Suppose -4*u + 13470 = -0*u - 3*s, 5*u + 2*s - 16849 = 0. Suppose -3*n + u - 1306 = -5*g, -2*n = -5*g - 1372. What is the tens digit of n?
9
Let c(w) be the second derivative of -13*w**4/6 + 11*w**3/3 + 2*w**2 - 48*w. Let a be c(16). What is the tens digit of 4/((-176)/a) + 6/(-33)?
4
Let h(s) = s**3 + 16*s**2 - 19*s - 7. Suppose -2*p - n - 14 = 0, 33 + 4 = -5*p - 2*n. What is the tens digit of h(p)?
3
Let j(h) be the second derivative of 149*h**3/6 - 56*h**2 - 2*h - 3. What is the hundreds digit of j(3)?
3
Suppose -19740 - 15162 = -2*c - 3*g, 0 = 6*c + 2*g - 104706. What is the thousands digit of c?
7
Suppose -30 = -2*n - 26. Let p(w) = 25*w**2 + 2*w + 1. What is the units digit of p(n)?
5
Suppose 5*l + g = 24, -2*l - g = -6*g + 12. Suppose -l*q = 2*o - 578, 4*o - 330 = 2*q + 856. What is the units digit of o?
5
Suppose -f = -14 + 70. Let s = 58 + f. Suppose -57 = -s*j + 23. What is the units digit of j?
0
Let l(g) = 882*g - 9604. What is the tens digit of l(62)?
8
What is the units digit of ((-25)/(-15) - (-8)/24)/((-1)/(-25803))?
6
What is the units digit of (50 + -53)/(6/(-26564))?
2
Let h be -238*(-1 + 0) + (-24 - -10) + 20. Let g be -140 